the highest common divisor of y and 143.
11
Let o = -6 - -26. Let w(g) be the second derivative of 4*g**3/3 - 2*g**2 - 17*g. Let v be w(8). What is the greatest common factor of o and v?
20
Suppose -242*t + 6 = -239*t. Calculate the greatest common factor of 64 and t.
2
Let c = 1125 - 1060. Calculate the highest common divisor of c and 1885.
65
Let b be (-2)/(36/(-17) + 2). Suppose -f = -14 - 122. Suppose 5*l = 3*l + f. What is the greatest common factor of l and b?
17
Let j(g) = -2*g**2 - 3*g + 1. Let u be j(-5). Let v = 118 + u. Let a = v - 7. What is the highest common factor of a and 11?
11
Let n(r) = -7*r**3 - r**2 - 3*r - 2. Let d be n(-1). Suppose 4*f = f. Suppose f = 4*x - x - 84. What is the highest common factor of d and x?
7
Suppose 0 = -w - 3*w - 3*q + 88, q = 0. Let v be 2/5*(w + 8). Let u be 2/(-3)*3 - -32. Calculate the greatest common divisor of u and v.
6
Let d(b) = b**3 - 17*b**2 + 32. Let f be d(17). Calculate the highest common factor of 200 and f.
8
Let h be 126/(-10)*(7 + -7 + -5). Let a = h + -51. What is the highest common factor of 3 and a?
3
Let d be 2 - ((-8)/(-4) + -279). Let w = d - 146. Calculate the highest common factor of w and 19.
19
Let v(b) = -4*b - 8. Let h be v(-6). Let a = 20 - h. What is the highest common factor of a and 2?
2
Let q(z) = 4*z**2 + 7*z - 5. Suppose -7 = -2*c + c. Let u be q(c). Suppose -x - u = -5*x. Calculate the greatest common factor of x and 40.
20
Let v = -49 - -12. Let s = v - -89. Let r be 104/8 - (-1 + 1). What is the greatest common factor of s and r?
13
Let g(v) = -v + 112. Let y be g(0). Let d(m) = m**2 + 11*m - 22. Let u be d(-9). Let r be (128/u)/((-2)/10). What is the highest common factor of y and r?
16
Suppose n + 0 = 2*c - 26, 4 = -2*n. Suppose 380*m - 54 = 374*m. What is the greatest common factor of m and c?
3
Let w be (-4)/(-32)*4*0 - -8. Suppose -4*t - 4*n + 236 = 0, -6*t + 4*n = -t - 268. Calculate the highest common factor of w and t.
8
Let q(c) = c + 15. Let k be q(-13). Suppose h = -m + 8, -4*h + 0*h - k*m + 36 = 0. What is the highest common factor of h and 90?
10
Suppose 5*l = 23 + 52. Suppose x + 3 = l. Suppose 0*i + i = x. Calculate the greatest common factor of i and 3.
3
Let k = -5 + 16. Suppose -10 = -n - 5. Suppose h = -2*h + 5*x - 12, 2*x - n = h. What is the greatest common factor of h and k?
1
Suppose 19*o - 20*o + 5 = 0. Suppose 3*p - s = 24 + 37, o*s - 73 = -3*p. What is the greatest common divisor of p and 63?
21
Let r(h) = -h**2 + 6*h + 2. Let b be r(6). Suppose 0 = 4*t - b*f - 76, -3*t + 31 + 33 = -5*f. Let z = -9 + 54. What is the highest common divisor of z and t?
9
Suppose 1 = -3*j + 7, -4*j + 38 = -3*r. Let i be (-2)/5 + (-1)/(r/564). Calculate the highest common divisor of i and 28.
28
Let w = 44 - 18. Let l = -167 - -232. Calculate the highest common divisor of l and w.
13
Let q(s) = s**3 + 7*s**2 - s + 29. Let m be q(-7). Calculate the highest common factor of m and 4.
4
Suppose 0 = -12*x + 4411 + 18017. Calculate the greatest common factor of 21 and x.
21
Let j(u) be the second derivative of -u**3/6 - 3*u**2/2 - u. Let z be j(-4). Let n be 5 - 1 - (z + -23). What is the highest common divisor of 13 and n?
13
Suppose 3*d - 6 = -4*x, 2*x + 4*d = -0*d - 2. Suppose -5*o - 5*h = -x*h - 95, -2*h = -3*o + 41. Calculate the greatest common divisor of o and 17.
17
Let d = -13 + 18. Let k(w) be the second derivative of 3*w**4 - w**3/6 - 2*w. Let o be k(1). Calculate the greatest common factor of d and o.
5
Suppose -5760 = 19*t - 24*t. Suppose 5*z + 3*z = t. Let l(p) = -p**2 + 8*p + 4. Let x be l(6). Calculate the greatest common factor of x and z.
16
Suppose 0 = 3*x - 501 - 471. Calculate the greatest common factor of x and 12.
12
Let q be (68/12 + -5)*(-960)/(-2). What is the highest common divisor of q and 200?
40
Let z(r) = 3*r**3 - 6*r**2 + 2*r + 10. Let s be z(8). Calculate the greatest common factor of 76 and s.
38
Suppose -756 = -16*w - 2*w. What is the highest common divisor of 63 and w?
21
Suppose 3753*w = 3737*w + 160. Let k be (2 + -1)*(-70)/(-2). What is the greatest common divisor of k and w?
5
Let i be 8/(-10)*(-700)/8. Suppose -198*r + 63*r = -1350. Calculate the highest common factor of i and r.
10
Suppose -24*s = -1087 - 2801. What is the greatest common factor of 72 and s?
18
Let d = -2 - -5. Suppose 5*l = 3*m + 46, -m - 28 = -4*l - d*m. Calculate the highest common divisor of 32 and l.
8
Let n(w) = 2*w**2 - 13*w + 15. Let z(v) = v**2 - 6*v + 7. Let o(g) = -6*n(g) + 13*z(g). Let l be o(7). Calculate the greatest common divisor of 10 and l.
10
Let p be (-4)/((-24)/(-2))*-120. What is the greatest common divisor of 480 and p?
40
Suppose -208 - 68 = -4*b - 2*o, -b + 4*o + 78 = 0. Let u be (-20 - -34)*(-5)/10*(-24 + -1). What is the highest common factor of b and u?
35
Let z(j) = -j**3 - 4*j**2 + 9*j. Let i be z(-6). Let s be i + (0 - 2) + 3. Suppose -3*m + 257 = 29. What is the highest common divisor of m and s?
19
Suppose 15*n = 10*n + 240. Calculate the highest common factor of n and 16.
16
Suppose -2*f = 0, 2 = i + 5*f - 1. Suppose -4*o + 2*c = -2*c - 28, 0 = -3*o - i*c + 15. Let s = o + 5. Calculate the highest common divisor of s and 55.
11
Suppose 0 = -14*n + 10*n + 224. Calculate the greatest common divisor of n and 21.
7
Suppose 8*k - 145 = 1359. Calculate the highest common factor of k and 4.
4
Suppose -4*m = m. Let j = 168 - 164. Suppose -j*w + 0 = 2*h - 28, 5*w + 5*h - 35 = m. What is the greatest common divisor of w and 49?
7
Suppose 0 = 26*d - 129 - 391. What is the greatest common divisor of d and 290?
10
Let x(u) = u**2 - 8*u + 7. Let w be x(4). Let i = w + 23. What is the highest common factor of i and 98?
14
Let i(k) = k**3 + 3*k**2 - 4*k + 5. Let t be i(-4). Suppose 0*n = t*n + 5. Let m be -1 + 3 - (n - 42). What is the greatest common factor of 9 and m?
9
Let u = 191 + 6. Let d = -135 - 6. Let q = d + u. What is the greatest common divisor of q and 140?
28
Let h = 13 + -8. Let l be 1/(6/15 - 370/950). What is the greatest common factor of l and h?
5
Let s = 615 + -462. What is the greatest common factor of s and 68?
17
Suppose 5*s = -20 - 500. Let m = s + 119. Calculate the greatest common factor of m and 165.
15
Suppose 3*s = 4*g + 127, -s + 3*g + 46 = -2*g. Let n = 38 - -249. What is the highest common divisor of n and s?
41
Let d = 2 - -25. Suppose -2*a - 3*s + d = 0, 3*s - 41 - 13 = -5*a. Suppose -145*k + 173*k - 2772 = 0. Calculate the highest common divisor of a and k.
9
Let g = 68 + -127. Let p = g - -83. What is the highest common factor of 24 and p?
24
Let x(v) = -v**3 + 21*v**2 - 32*v - 98. Let r be x(19). What is the highest common factor of 496 and r?
16
Let r(a) = -33*a - 1. Let d be r(-2). Let o be ((-1)/(-2) + 9/6)*13. What is the highest common divisor of d and o?
13
Suppose -5*h - 2540 = -2*o - 913, -3*h - 3233 = -4*o. Calculate the highest common factor of o and 78.
26
Suppose 0*i = -i + 5, -2*c + 4*i = 20. Suppose c*n = -2*n + 60. Suppose 11 = 2*m - 13. Calculate the greatest common divisor of n and m.
6
Let y be (54/36)/(2/(-140)). Let b be (-6)/14 - 360/y. Suppose b*f - h = -0*h + 355, -248 = -2*f - 5*h. Calculate the greatest common divisor of 17 and f.
17
Let v = -31 + 43. Let z = v - 10. What is the greatest common divisor of 1 and z?
1
Suppose 8*s + 3*s - 352 = 0. Let c be (22/4)/(4/s). Calculate the greatest common divisor of c and 4.
4
Let r(b) = 3*b + 1. Let q be r(2). Suppose 17 = -4*a + 9. Let l = a + q. Calculate the greatest common factor of 55 and l.
5
Suppose -5*q = -650 - 250. Let x(n) = 18*n**2 + 2. Let y be x(-1). What is the greatest common factor of y and q?
20
Suppose 0 = -3*r + 10 - 1, -4*g + 35 = 5*r. Suppose -g*o - 2*m = 22 - 328, 5*o - 5*m = 285. Calculate the greatest common factor of 24 and o.
12
Let d(j) = -5*j - 1. Let y be d(-3). Let s be (-21)/y*56/(-3). Let k(h) = -41*h - 20. Let r be k(-8). Calculate the highest common factor of r and s.
28
Let j be (-2)/4 + 453/6. Suppose 4*y - 3*a = 147, -2*a + j = 4*y - 87. What is the highest common factor of y and 13?
13
Let s(p) = 4*p - 21. Let d be s(6). Suppose 10 = -d*f + 76. Suppose -2*k + 33 = -3*m, 0*k - k = 4*m - f. Calculate the highest common factor of k and 9.
9
Suppose 0 = -5*i + i + 72. Let q(s) = -s**2 + 31*s 